{"id":960,"date":"2023-07-27T22:56:48","date_gmt":"2023-07-27T21:56:48","guid":{"rendered":"http:\/\/odep-rdc.com\/?page_id=960"},"modified":"2025-07-02T06:47:40","modified_gmt":"2025-07-02T05:47:40","slug":"nos-membres-2","status":"publish","type":"page","link":"https:\/\/odep-rdc.com\/index.php\/nos-membres-2\/","title":{"rendered":"Membres"},"content":{"rendered":"\t\t<div data-elementor-type=\"wp-page\" data-elementor-id=\"960\" class=\"elementor elementor-960\">\n\t\t\t\t\t\t\t\t\t<section class=\"elementor-section elementor-top-section elementor-element elementor-element-4fd3631 elementor-section-boxed elementor-section-height-default elementor-section-height-default\" data-id=\"4fd3631\" data-element_type=\"section\">\n\t\t\t\t\t\t<div class=\"elementor-container elementor-column-gap-default\">\n\t\t\t\t\t<div class=\"elementor-column elementor-col-50 elementor-top-column elementor-element elementor-element-6e1d284\" data-id=\"6e1d284\" data-element_type=\"column\">\n\t\t\t<div class=\"elementor-widget-wrap elementor-element-populated\">\n\t\t\t\t\t\t\t\t<div class=\"elementor-element elementor-element-25e155c elementor-widget__width-initial elementor-widget elementor-widget-text-editor\" data-id=\"25e155c\" data-element_type=\"widget\" data-widget_type=\"text-editor.default\">\n\t\t\t\t<div class=\"elementor-widget-container\">\n\t\t\t<style>\/*! elementor - v3.14.0 - 26-06-2023 *\/\n.elementor-widget-text-editor.elementor-drop-cap-view-stacked .elementor-drop-cap{background-color:#69727d;color:#fff}.elementor-widget-text-editor.elementor-drop-cap-view-framed .elementor-drop-cap{color:#69727d;border:3px solid;background-color:transparent}.elementor-widget-text-editor:not(.elementor-drop-cap-view-default) .elementor-drop-cap{margin-top:8px}.elementor-widget-text-editor:not(.elementor-drop-cap-view-default) .elementor-drop-cap-letter{width:1em;height:1em}.elementor-widget-text-editor .elementor-drop-cap{float:left;text-align:center;line-height:1;font-size:50px}.elementor-widget-text-editor .elementor-drop-cap-letter{display:inline-block}<\/style>\t\t\t\t\t\t\t\t\t\t<\/div>\n\t\t\t\t<\/div>\n\t\t\t\t\t<\/div>\n\t\t<\/div>\n\t\t\t\t<div class=\"elementor-column elementor-col-50 elementor-top-column elementor-element elementor-element-3cd4582\" data-id=\"3cd4582\" data-element_type=\"column\">\n\t\t\t<div class=\"elementor-widget-wrap elementor-element-populated\">\n\t\t\t\t\t\t\t\t<div class=\"elementor-element elementor-element-04e44b6 elementor-widget elementor-widget-text-editor\" data-id=\"04e44b6\" data-element_type=\"widget\" data-widget_type=\"text-editor.default\">\n\t\t\t\t<div class=\"elementor-widget-container\">\n\t\t\t\t\t\t\t\t\t\t\t\t\t<\/div>\n\t\t\t\t<\/div>\n\t\t\t\t\t<\/div>\n\t\t<\/div>\n\t\t\t\t\t\t\t<\/div>\n\t\t<\/section>\n\t\t\t\t<section class=\"elementor-section elementor-top-section elementor-element elementor-element-eb3654c elementor-section-boxed elementor-section-height-default elementor-section-height-default\" data-id=\"eb3654c\" data-element_type=\"section\">\n\t\t\t\t\t\t<div class=\"elementor-container elementor-column-gap-default\">\n\t\t\t\t\t<div class=\"elementor-column elementor-col-50 elementor-top-column elementor-element elementor-element-b5f21b0\" data-id=\"b5f21b0\" data-element_type=\"column\">\n\t\t\t<div class=\"elementor-widget-wrap elementor-element-populated\">\n\t\t\t\t\t\t\t\t<div class=\"elementor-element elementor-element-30f827f elementor-widget elementor-widget-image\" data-id=\"30f827f\" data-element_type=\"widget\" data-widget_type=\"image.default\">\n\t\t\t\t<div class=\"elementor-widget-container\">\n\t\t\t<style>\/*! elementor - v3.14.0 - 26-06-2023 *\/\n.elementor-widget-image{text-align:center}.elementor-widget-image a{display:inline-block}.elementor-widget-image a img[src$=\".svg\"]{width:48px}.elementor-widget-image img{vertical-align:middle;display:inline-block}<\/style>\t\t\t\t\t\t\t\t\t\t\t\t<img decoding=\"async\" src=\"https:\/\/odep-rdc.com\/wp-content\/uploads\/2025\/02\/ODEP-VRAI.png\" title=\"ODEP VRAI\" alt=\"ODEP VRAI\" loading=\"lazy\" \/>\t\t\t\t\t\t\t\t\t\t\t\t\t\t\t<\/div>\n\t\t\t\t<\/div>\n\t\t\t\t\t<\/div>\n\t\t<\/div>\n\t\t\t\t<div class=\"elementor-column elementor-col-50 elementor-top-column elementor-element elementor-element-3bc44c6\" data-id=\"3bc44c6\" data-element_type=\"column\">\n\t\t\t<div class=\"elementor-widget-wrap elementor-element-populated\">\n\t\t\t\t\t\t\t\t<div class=\"elementor-element elementor-element-06f24c7 elementor-widget__width-initial elementor-icon-list--layout-traditional elementor-list-item-link-full_width elementor-widget elementor-widget-icon-list\" data-id=\"06f24c7\" data-element_type=\"widget\" data-widget_type=\"icon-list.default\">\n\t\t\t\t<div class=\"elementor-widget-container\">\n\t\t\t<link rel=\"stylesheet\" href=\"https:\/\/odep-rdc.com\/wp-content\/plugins\/elementor\/assets\/css\/widget-icon-list.min.css\">\t\t<ul class=\"elementor-icon-list-items\">\n\t\t\t\t\t\t\t<li class=\"elementor-icon-list-item\">\n\t\t\t\t\t\t\t\t\t\t<span class=\"elementor-icon-list-text\"><\/span>\n\t\t\t\t\t\t\t\t\t<\/li>\n\t\t\t\t\t\t\t\t<li class=\"elementor-icon-list-item\">\n\t\t\t\t\t\t\t\t\t\t<span class=\"elementor-icon-list-text\"><h1 style=\"font-variant-ligatures: normal; font-variant-caps: normal; font-style: normal; text-align: justify; white-space-collapse: collapse;\"><span style=\"font-size: 23px; font-weight: 700;\">COMPOSITION DES MEMBRES<\/span><\/h1>1. Groupe d\u2019Actions des Citoyens pour la surveillance de transition, GAT\/OCAP; <\/span>\n\t\t\t\t\t\t\t\t\t<\/li>\n\t\t\t\t\t\t\t\t<li class=\"elementor-icon-list-item\">\n\t\t\t\t\t\t\t\t\t\t<span class=\"elementor-icon-list-text\">2.\tR\u00e9seau d\u2019Education Civique au Congo, RECIC\/National; <\/span>\n\t\t\t\t\t\t\t\t\t<\/li>\n\t\t\t\t\t\t\t\t<li class=\"elementor-icon-list-item\">\n\t\t\t\t\t\t\t\t\t\t<span class=\"elementor-icon-list-text\"><\/span>\n\t\t\t\t\t\t\t\t\t<\/li>\n\t\t\t\t\t\t\t\t<li class=\"elementor-icon-list-item\">\n\t\t\t\t\t\t\t\t\t\t<span class=\"elementor-icon-list-text\">3.\tR\u00e9seau d\u2019Organisation des Droits Humains et d\u2019Education Civique d\u2019Inspiration Chr\u00e9tienne, RODHECIC; <\/span>\n\t\t\t\t\t\t\t\t\t<\/li>\n\t\t\t\t\t\t\t\t<li class=\"elementor-icon-list-item\">\n\t\t\t\t\t\t\t\t\t\t<span class=\"elementor-icon-list-text\"><\/span>\n\t\t\t\t\t\t\t\t\t<\/li>\n\t\t\t\t\t\t\t\t<li class=\"elementor-icon-list-item\">\n\t\t\t\t\t\t\t\t\t\t<span class=\"elementor-icon-list-text\">4.\tCentre de Recherches et d\u2019Etudes en March\u00e9s publics, CREM ; <\/span>\n\t\t\t\t\t\t\t\t\t<\/li>\n\t\t\t\t\t\t\t\t<li class=\"elementor-icon-list-item\">\n\t\t\t\t\t\t\t\t\t\t<span class=\"elementor-icon-list-text\">5.\tInitiative Bonne Gouvernance et Droits humains  <\/span>\n\t\t\t\t\t\t\t\t\t<\/li>\n\t\t\t\t\t\t\t\t<li class=\"elementor-icon-list-item\">\n\t\t\t\t\t\t\t\t\t\t<span class=\"elementor-icon-list-text\">6.\tR\u00e9seau Ressources Naturelles, RRN; <\/span>\n\t\t\t\t\t\t\t\t\t<\/li>\n\t\t\t\t\t\t\t\t<li class=\"elementor-icon-list-item\">\n\t\t\t\t\t\t\t\t\t\t<span class=\"elementor-icon-list-text\">7.\tCollectif pour le D\u00e9veloppement Economique, Social et culturel Int\u00e9gr\u00e9, CODESCI <\/span>\n\t\t\t\t\t\t\t\t\t<\/li>\n\t\t\t\t\t\t\t\t<li class=\"elementor-icon-list-item\">\n\t\t\t\t\t\t\t\t\t\t<span class=\"elementor-icon-list-text\">8.\tConsortium CEPAD; <\/span>\n\t\t\t\t\t\t\t\t\t<\/li>\n\t\t\t\t\t\t\t\t<li class=\"elementor-icon-list-item\">\n\t\t\t\t\t\t\t\t\t\t<span class=\"elementor-icon-list-text\">9.\tSOS Kinshasa <\/span>\n\t\t\t\t\t\t\t\t\t<\/li>\n\t\t\t\t\t\t<\/ul>\n\t\t\t\t<\/div>\n\t\t\t\t<\/div>\n\t\t\t\t\t<\/div>\n\t\t<\/div>\n\t\t\t\t\t\t\t<\/div>\n\t\t<\/section>\n\t\t\t\t<section class=\"elementor-section elementor-top-section elementor-element elementor-element-ede961a elementor-section-boxed elementor-section-height-default elementor-section-height-default\" data-id=\"ede961a\" data-element_type=\"section\">\n\t\t\t\t\t\t<div class=\"elementor-container elementor-column-gap-default\">\n\t\t\t\t\t<div class=\"elementor-column elementor-col-33 elementor-top-column elementor-element elementor-element-c693bb9\" data-id=\"c693bb9\" data-element_type=\"column\">\n\t\t\t<div class=\"elementor-widget-wrap elementor-element-populated\">\n\t\t\t\t\t\t\t\t<div class=\"elementor-element elementor-element-0ed280e elementor-widget elementor-widget-image\" data-id=\"0ed280e\" data-element_type=\"widget\" data-widget_type=\"image.default\">\n\t\t\t\t<div class=\"elementor-widget-container\">\n\t\t\t\t\t\t\t\t\t\t\t\t\t\t\t<img loading=\"lazy\" decoding=\"async\" width=\"1024\" height=\"683\" src=\"https:\/\/odep-rdc.com\/wp-content\/uploads\/2024\/10\/20240927_001825_66f5f9d1ae9abRNKt6-1024x683.jpg\" class=\"attachment-large size-large wp-image-2423\" alt=\"\" srcset=\"https:\/\/odep-rdc.com\/wp-content\/uploads\/2024\/10\/20240927_001825_66f5f9d1ae9abRNKt6-1024x683.jpg 1024w, https:\/\/odep-rdc.com\/wp-content\/uploads\/2024\/10\/20240927_001825_66f5f9d1ae9abRNKt6-300x200.jpg 300w, https:\/\/odep-rdc.com\/wp-content\/uploads\/2024\/10\/20240927_001825_66f5f9d1ae9abRNKt6-768x512.jpg 768w, https:\/\/odep-rdc.com\/wp-content\/uploads\/2024\/10\/20240927_001825_66f5f9d1ae9abRNKt6-1536x1024.jpg 1536w, https:\/\/odep-rdc.com\/wp-content\/uploads\/2024\/10\/20240927_001825_66f5f9d1ae9abRNKt6-2048x1365.jpg 2048w\" sizes=\"auto, (max-width: 1024px) 100vw, 1024px\" \/>\t\t\t\t\t\t\t\t\t\t\t\t\t\t\t<\/div>\n\t\t\t\t<\/div>\n\t\t\t\t\t<\/div>\n\t\t<\/div>\n\t\t\t\t<div class=\"elementor-column elementor-col-66 elementor-top-column elementor-element elementor-element-97f13fa\" data-id=\"97f13fa\" data-element_type=\"column\" data-settings=\"{&quot;background_background&quot;:&quot;slideshow&quot;,&quot;background_slideshow_gallery&quot;:[{&quot;id&quot;:2973,&quot;url&quot;:&quot;http:\\\/\\\/odep-rdc.com\\\/wp-content\\\/uploads\\\/2025\\\/07\\\/IMG_1006-scaled.jpg&quot;},{&quot;id&quot;:2927,&quot;url&quot;:&quot;http:\\\/\\\/odep-rdc.com\\\/wp-content\\\/uploads\\\/2025\\\/07\\\/WhatsApp-Image-2025-06-12-a-12.44.14_efee6b46.jpg&quot;},{&quot;id&quot;:2932,&quot;url&quot;:&quot;http:\\\/\\\/odep-rdc.com\\\/wp-content\\\/uploads\\\/2025\\\/07\\\/IMG-20250611-WA0644.jpg&quot;},{&quot;id&quot;:2928,&quot;url&quot;:&quot;http:\\\/\\\/odep-rdc.com\\\/wp-content\\\/uploads\\\/2025\\\/07\\\/IMG-20250613-WA0570.jpg&quot;}],&quot;background_slideshow_loop&quot;:&quot;yes&quot;,&quot;background_slideshow_slide_duration&quot;:5000,&quot;background_slideshow_slide_transition&quot;:&quot;fade&quot;,&quot;background_slideshow_transition_duration&quot;:500}\">\n\t\t\t<div class=\"elementor-widget-wrap\">\n\t\t\t\t\t\t\t\t\t<\/div>\n\t\t<\/div>\n\t\t\t\t\t\t\t<\/div>\n\t\t<\/section>\n\t\t\t\t\t\t\t<\/div>\n\t\t","protected":false},"excerpt":{"rendered":"<p>COMPOSITION DES MEMBRES 1. Groupe d\u2019Actions des Citoyens pour la surveillance de transition, GAT\/OCAP; 2. R\u00e9seau d\u2019Education Civique au Congo, RECIC\/National; 3. R\u00e9seau d\u2019Organisation des Droits Humains et d\u2019Education Civique d\u2019Inspiration Chr\u00e9tienne, RODHECIC; 4. Centre de Recherches et d\u2019Etudes en March\u00e9s publics, CREM ; 5. Initiative Bonne Gouvernance et Droits humains 6. R\u00e9seau Ressources Naturelles, [&hellip;]<\/p>\n","protected":false},"author":2,"featured_media":0,"parent":0,"menu_order":0,"comment_status":"closed","ping_status":"closed","template":"","meta":{"footnotes":""},"class_list":["post-960","page","type-page","status-publish","hentry","entry"],"yoast_head":"<!-- This site is optimized with the Yoast SEO plugin v20.12 - https:\/\/yoast.com\/wordpress\/plugins\/seo\/ -->\n<title>Membres -<\/title>\n<meta name=\"robots\" content=\"index, follow, max-snippet:-1, max-image-preview:large, max-video-preview:-1\" \/>\n<link rel=\"canonical\" href=\"https:\/\/odep-rdc.com\/index.php\/nos-membres-2\/\" \/>\n<meta property=\"og:locale\" content=\"fr_FR\" \/>\n<meta property=\"og:type\" content=\"article\" \/>\n<meta property=\"og:title\" content=\"Membres -\" \/>\n<meta property=\"og:description\" content=\"COMPOSITION DES MEMBRES 1. Groupe d\u2019Actions des Citoyens pour la surveillance de transition, GAT\/OCAP; 2. R\u00e9seau d\u2019Education Civique au Congo, RECIC\/National; 3. R\u00e9seau d\u2019Organisation des Droits Humains et d\u2019Education Civique d\u2019Inspiration Chr\u00e9tienne, RODHECIC; 4. Centre de Recherches et d\u2019Etudes en March\u00e9s publics, CREM ; 5. Initiative Bonne Gouvernance et Droits humains 6. R\u00e9seau Ressources Naturelles, [&hellip;]\" \/>\n<meta property=\"og:url\" content=\"https:\/\/odep-rdc.com\/index.php\/nos-membres-2\/\" \/>\n<meta property=\"article:modified_time\" content=\"2025-07-02T05:47:40+00:00\" \/>\n<meta property=\"og:image\" content=\"http:\/\/odep-rdc.com\/wp-content\/uploads\/elementor\/thumbs\/ODEP-VRAI-r1e6phsr0enlw4jagpp32va10owdyir5tlqyjjtdxs.png\" \/>\n<meta name=\"twitter:card\" content=\"summary_large_image\" \/>\n<meta name=\"twitter:label1\" content=\"Dur\u00e9e de lecture estim\u00e9e\" \/>\n\t<meta name=\"twitter:data1\" content=\"1 minute\" \/>\n<script type=\"application\/ld+json\" class=\"yoast-schema-graph\">{\"@context\":\"https:\/\/schema.org\",\"@graph\":[{\"@type\":\"WebPage\",\"@id\":\"https:\/\/odep-rdc.com\/index.php\/nos-membres-2\/\",\"url\":\"https:\/\/odep-rdc.com\/index.php\/nos-membres-2\/\",\"name\":\"Membres -\",\"isPartOf\":{\"@id\":\"https:\/\/odep-rdc.com\/#website\"},\"datePublished\":\"2023-07-27T21:56:48+00:00\",\"dateModified\":\"2025-07-02T05:47:40+00:00\",\"breadcrumb\":{\"@id\":\"https:\/\/odep-rdc.com\/index.php\/nos-membres-2\/#breadcrumb\"},\"inLanguage\":\"fr-FR\",\"potentialAction\":[{\"@type\":\"ReadAction\",\"target\":[\"https:\/\/odep-rdc.com\/index.php\/nos-membres-2\/\"]}]},{\"@type\":\"BreadcrumbList\",\"@id\":\"https:\/\/odep-rdc.com\/index.php\/nos-membres-2\/#breadcrumb\",\"itemListElement\":[{\"@type\":\"ListItem\",\"position\":1,\"name\":\"Accueil\",\"item\":\"https:\/\/odep-rdc.com\/\"},{\"@type\":\"ListItem\",\"position\":2,\"name\":\"Membres\"}]},{\"@type\":\"WebSite\",\"@id\":\"https:\/\/odep-rdc.com\/#website\",\"url\":\"https:\/\/odep-rdc.com\/\",\"name\":\"\",\"description\":\"Observatoire de la D\u00e9pense Publique en RDC\",\"potentialAction\":[{\"@type\":\"SearchAction\",\"target\":{\"@type\":\"EntryPoint\",\"urlTemplate\":\"https:\/\/odep-rdc.com\/?s={search_term_string}\"},\"query-input\":\"required name=search_term_string\"}],\"inLanguage\":\"fr-FR\"}]}<\/script>\n<!-- \/ Yoast SEO plugin. -->","yoast_head_json":{"title":"Membres -","robots":{"index":"index","follow":"follow","max-snippet":"max-snippet:-1","max-image-preview":"max-image-preview:large","max-video-preview":"max-video-preview:-1"},"canonical":"https:\/\/odep-rdc.com\/index.php\/nos-membres-2\/","og_locale":"fr_FR","og_type":"article","og_title":"Membres -","og_description":"COMPOSITION DES MEMBRES 1. Groupe d\u2019Actions des Citoyens pour la surveillance de transition, GAT\/OCAP; 2. R\u00e9seau d\u2019Education Civique au Congo, RECIC\/National; 3. R\u00e9seau d\u2019Organisation des Droits Humains et d\u2019Education Civique d\u2019Inspiration Chr\u00e9tienne, RODHECIC; 4. Centre de Recherches et d\u2019Etudes en March\u00e9s publics, CREM ; 5. Initiative Bonne Gouvernance et Droits humains 6. R\u00e9seau Ressources Naturelles, [&hellip;]","og_url":"https:\/\/odep-rdc.com\/index.php\/nos-membres-2\/","article_modified_time":"2025-07-02T05:47:40+00:00","og_image":[{"url":"http:\/\/odep-rdc.com\/wp-content\/uploads\/elementor\/thumbs\/ODEP-VRAI-r1e6phsr0enlw4jagpp32va10owdyir5tlqyjjtdxs.png"}],"twitter_card":"summary_large_image","twitter_misc":{"Dur\u00e9e de lecture estim\u00e9e":"1 minute"},"schema":{"@context":"https:\/\/schema.org","@graph":[{"@type":"WebPage","@id":"https:\/\/odep-rdc.com\/index.php\/nos-membres-2\/","url":"https:\/\/odep-rdc.com\/index.php\/nos-membres-2\/","name":"Membres -","isPartOf":{"@id":"https:\/\/odep-rdc.com\/#website"},"datePublished":"2023-07-27T21:56:48+00:00","dateModified":"2025-07-02T05:47:40+00:00","breadcrumb":{"@id":"https:\/\/odep-rdc.com\/index.php\/nos-membres-2\/#breadcrumb"},"inLanguage":"fr-FR","potentialAction":[{"@type":"ReadAction","target":["https:\/\/odep-rdc.com\/index.php\/nos-membres-2\/"]}]},{"@type":"BreadcrumbList","@id":"https:\/\/odep-rdc.com\/index.php\/nos-membres-2\/#breadcrumb","itemListElement":[{"@type":"ListItem","position":1,"name":"Accueil","item":"https:\/\/odep-rdc.com\/"},{"@type":"ListItem","position":2,"name":"Membres"}]},{"@type":"WebSite","@id":"https:\/\/odep-rdc.com\/#website","url":"https:\/\/odep-rdc.com\/","name":"","description":"Observatoire de la D\u00e9pense Publique en RDC","potentialAction":[{"@type":"SearchAction","target":{"@type":"EntryPoint","urlTemplate":"https:\/\/odep-rdc.com\/?s={search_term_string}"},"query-input":"required name=search_term_string"}],"inLanguage":"fr-FR"}]}},"_links":{"self":[{"href":"https:\/\/odep-rdc.com\/index.php\/wp-json\/wp\/v2\/pages\/960","targetHints":{"allow":["GET"]}}],"collection":[{"href":"https:\/\/odep-rdc.com\/index.php\/wp-json\/wp\/v2\/pages"}],"about":[{"href":"https:\/\/odep-rdc.com\/index.php\/wp-json\/wp\/v2\/types\/page"}],"author":[{"embeddable":true,"href":"https:\/\/odep-rdc.com\/index.php\/wp-json\/wp\/v2\/users\/2"}],"replies":[{"embeddable":true,"href":"https:\/\/odep-rdc.com\/index.php\/wp-json\/wp\/v2\/comments?post=960"}],"version-history":[{"count":57,"href":"https:\/\/odep-rdc.com\/index.php\/wp-json\/wp\/v2\/pages\/960\/revisions"}],"predecessor-version":[{"id":3072,"href":"https:\/\/odep-rdc.com\/index.php\/wp-json\/wp\/v2\/pages\/960\/revisions\/3072"}],"wp:attachment":[{"href":"https:\/\/odep-rdc.com\/index.php\/wp-json\/wp\/v2\/media?parent=960"}],"curies":[{"name":"wp","href":"https:\/\/api.w.org\/{rel}","templated":true}]}}